{"id":110,"date":"2025-03-14T10:51:27","date_gmt":"2025-03-14T09:51:27","guid":{"rendered":"https:\/\/ahmet.ovh\/?page_id=110"},"modified":"2025-06-01T18:39:17","modified_gmt":"2025-06-01T16:39:17","slug":"entreprise","status":"publish","type":"page","link":"https:\/\/ahmet.ovh\/?page_id=110","title":{"rendered":"Entreprise"},"content":{"rendered":"\n<p><strong>Dans le cadre de ma formation en alternance, j\u2019ai eu l\u2019opportunit\u00e9 d\u2019int\u00e9grer l\u2019entreprise Schneider Electric sur le site d\u2019Ennery. <\/strong><\/p>\n\n\n\n<div class=\"wp-block-media-text is-stacked-on-mobile\"><figure class=\"wp-block-media-text__media\"><img loading=\"lazy\" decoding=\"async\" width=\"1024\" height=\"410\" src=\"http:\/\/ahmet.ovh\/wp-content\/uploads\/2025\/06\/SCHNEIDER-ELECTRIC-logo-1024x410.png\" alt=\"\" class=\"wp-image-173 size-full\" srcset=\"https:\/\/ahmet.ovh\/wp-content\/uploads\/2025\/06\/SCHNEIDER-ELECTRIC-logo-1024x410.png 1024w, https:\/\/ahmet.ovh\/wp-content\/uploads\/2025\/06\/SCHNEIDER-ELECTRIC-logo-300x120.png 300w, https:\/\/ahmet.ovh\/wp-content\/uploads\/2025\/06\/SCHNEIDER-ELECTRIC-logo-768x307.png 768w, https:\/\/ahmet.ovh\/wp-content\/uploads\/2025\/06\/SCHNEIDER-ELECTRIC-logo-1536x615.png 1536w, https:\/\/ahmet.ovh\/wp-content\/uploads\/2025\/06\/SCHNEIDER-ELECTRIC-logo-2048x820.png 2048w\" sizes=\"auto, (max-width: 1024px) 100vw, 1024px\" \/><\/figure><div class=\"wp-block-media-text__content\">\n<p>Schneider Electric est une entreprise fran\u00e7aise d\u2019envergure internationale, sp\u00e9cialis\u00e9e dans la gestion de l\u2019\u00e9nergie, l\u2019automatisation et les solutions num\u00e9riques pour l\u2019efficacit\u00e9 \u00e9nerg\u00e9tique. Elle propose des produits et services destin\u00e9s aux secteurs r\u00e9sidentiel, industriel, tertiaire et aux infrastructures. Engag\u00e9e dans la transition \u00e9nerg\u00e9tique, l\u2019entreprise d\u00e9veloppe des solutions durables pour optimiser la consommation d\u2019\u00e9lectricit\u00e9 tout en int\u00e9grant les enjeux environnementaux et technologiques. Pr\u00e9sente dans plus de 100 pays, Schneider Electric est reconnue pour son innovation et son engagement en faveur d\u2019un avenir plus \u00e9co-responsable.<\/p>\n<\/div><\/div>\n\n\n\n<h2 class=\"wp-block-heading\">Mes taches <\/h2>\n\n\n\n<ul class=\"wp-block-list\">\n<li>Support utilisateur (niveau 1)<\/li>\n\n\n\n<li>Installation et configuration de postes informatiques<\/li>\n\n\n\n<li>Gestion du parc informatique(GLPI)<\/li>\n\n\n\n<li>Cr\u00e9ation de tickets et suivi via un outil de gestion(ServiceNow)<\/li>\n\n\n\n<li>Participation \u00e0 des projets IT internes(LDS)<\/li>\n\n\n\n<li>Gestion des droits d\u2019acc\u00e8s(ERP inforLN)<\/li>\n<\/ul>\n\n\n\n<h2 class=\"wp-block-heading\">Projet LDS <\/h2>\n\n\n\n<p>Lors de mon alternance,mon plus gros projet \u00e9tait la mise en place de la solution LDS (Lean Digitization System) au sein de l\u2019usine. J\u2019ai \u00e9t\u00e9 en charge de l\u2019installation et de la configuration des postes informatiques (70 postes) n\u00e9cessaires au bon fonctionnement de cette solution, en assurant leur int\u00e9gration au r\u00e9seau et leur conformit\u00e9 avec les exigences du syst\u00e8me.<\/p>\n\n\n\n<p>L&#8217;objectif de LDS \u00e9tait d&#8217;optimiser les op\u00e9rations de production en combinant les m\u00e9thodes lean traditionnelles avec des technologies num\u00e9riques. Cela inclut la r\u00e9duction des temps d&#8217;arr\u00eat, l&#8217;am\u00e9lioration de la qualit\u00e9 des produits et l&#8217;augmentation de l&#8217;efficacit\u00e9 globale de l&#8217;usine.<\/p>\n\n\n\n<p>Une vid\u00e9o pour expliquer LDS : <strong><a href=\"https:\/\/www.automationworld.com\/control\/video\/21140868\/lean-digitization-at-schneider-electric-factory\">Lean Digitization System at Schneider Electric Factory<\/a><\/strong><\/p>\n\n\n\n<p><\/p>\n","protected":false},"excerpt":{"rendered":"<p>Dans le cadre de ma formation en alternance, j\u2019ai eu l\u2019opportunit\u00e9 d\u2019int\u00e9grer l\u2019entreprise Schneider Electric sur le site d\u2019Ennery. Schneider Electric est une entreprise fran\u00e7aise d\u2019envergure internationale, sp\u00e9cialis\u00e9e dans la gestion de l\u2019\u00e9nergie, l\u2019automatisation et les solutions num\u00e9riques pour l\u2019efficacit\u00e9 \u00e9nerg\u00e9tique. Elle propose des produits et services destin\u00e9s aux secteurs r\u00e9sidentiel, industriel, tertiaire et aux&#8230;<\/p>\n","protected":false},"author":2,"featured_media":0,"parent":0,"menu_order":0,"comment_status":"closed","ping_status":"closed","template":"","meta":{"_kadence_starter_templates_imported_post":false,"_kad_post_transparent":"","_kad_post_title":"","_kad_post_layout":"","_kad_post_sidebar_id":"","_kad_post_content_style":"","_kad_post_vertical_padding":"","_kad_post_feature":"","_kad_post_feature_position":"","_kad_post_header":false,"_kad_post_footer":false,"footnotes":""},"class_list":["post-110","page","type-page","status-publish","hentry"],"_links":{"self":[{"href":"https:\/\/ahmet.ovh\/index.php?rest_route=\/wp\/v2\/pages\/110","targetHints":{"allow":["GET"]}}],"collection":[{"href":"https:\/\/ahmet.ovh\/index.php?rest_route=\/wp\/v2\/pages"}],"about":[{"href":"https:\/\/ahmet.ovh\/index.php?rest_route=\/wp\/v2\/types\/page"}],"author":[{"embeddable":true,"href":"https:\/\/ahmet.ovh\/index.php?rest_route=\/wp\/v2\/users\/2"}],"replies":[{"embeddable":true,"href":"https:\/\/ahmet.ovh\/index.php?rest_route=%2Fwp%2Fv2%2Fcomments&post=110"}],"version-history":[{"count":3,"href":"https:\/\/ahmet.ovh\/index.php?rest_route=\/wp\/v2\/pages\/110\/revisions"}],"predecessor-version":[{"id":198,"href":"https:\/\/ahmet.ovh\/index.php?rest_route=\/wp\/v2\/pages\/110\/revisions\/198"}],"wp:attachment":[{"href":"https:\/\/ahmet.ovh\/index.php?rest_route=%2Fwp%2Fv2%2Fmedia&parent=110"}],"curies":[{"name":"wp","href":"https:\/\/api.w.org\/{rel}","templated":true}]}}